common divisor of 1 and r?
1
Suppose -i - 3*s = 7 - 49, -3*s - 264 = -5*i. Let w = i - 32. What is the greatest common divisor of w and 171?
19
Let w = 63 - -993. Calculate the greatest common factor of w and 4.
4
Let s be 2/6 - (-14)/3. Suppose 3*j + s*t - 18 = 4, -5*j + 49 = -4*t. Calculate the highest common divisor of 81 and j.
9
Let u = -496 - -819. Calculate the greatest common factor of u and 57.
19
Let v(x) = 3*x**3 - 2*x**2 - 9*x - 4. Let n be v(4). Calculate the greatest common divisor of 48 and n.
24
Let x be (-3594)/(-15) - (-2)/5. Let u be 0 - 5/20 - 484/(-16). What is the greatest common divisor of x and u?
30
Let z be (3/6)/((-2)/28). Let d(h) = -h**3 - 7*h**2 - 5*h + 7. Let g be d(z). Let f = -20 + g. What is the highest common divisor of f and 55?
11
Let k(b) = -16*b + 254. Let h be k(15). Calculate the highest common factor of h and 112.
14
Let u = 49 + -33. Let p be (-148)/(-18) + (-4)/18. Calculate the highest common divisor of p and u.
8
Suppose 5*w - 2400 = 3*w. Suppose -6*l = -l - w. What is the highest common divisor of l and 30?
30
Suppose 9*f = 1962 + 117. What is the highest common divisor of f and 42?
21
Let b(p) = -p**3 - p**2 - p + 27. Let j be b(0). Suppose 17*r + 0*r - 85 = 0. Let s = r + j. Calculate the greatest common factor of 352 and s.
32
Let c(k) = k**3 - 8*k**2 + 7*k + 5. Let o be c(7). Suppose 5*t - 20 = 0, 10 + 0 = 3*b - o*t. Calculate the highest common factor of 110 and b.
10
Suppose -7*s + 4*n + 133 = -2*s, -142 = -5*s + n. Suppose 3109 = 14*r + 267. What is the greatest common divisor of r and s?
29
Suppose 0 = -3*o, -5*o + 7*o + 455 = 5*d. Let t = d - 21. What is the greatest common divisor of 14 and t?
14
Suppose 0 = 8*f - 10*f + 4. Let h be 0 + 161 + (-3 - f). What is the highest common factor of h and 104?
52
Suppose -5*s - 15 = -4*a + 117, 0 = -2*a - 4*s + 92. Suppose 0 = -4*u + 85 + 143. Suppose -a = -t + u. Calculate the highest common divisor of t and 19.
19
Let s(o) = -o - 32. Let v be s(-6). Let i = -11 - v. What is the highest common divisor of 75 and i?
15
Suppose -1 = 3*x - 34. Let j = 16 - x. Suppose j*s - 4*s = 60. Calculate the greatest common divisor of 40 and s.
20
Let a(f) be the first derivative of 3*f**2/2 + 2*f + 1. Let g be a(6). Suppose c + g - 99 = -5*i, -4*c = -16. What is the greatest common divisor of 135 and i?
15
Let h(a) = -20*a - 85. Let c be h(-6). What is the highest common factor of 25 and c?
5
Let n(g) = -1 + 6*g - g - 2*g. Let r be n(2). Let o be (r/(-2))/((-4)/72). Calculate the greatest common divisor of 30 and o.
15
Let z = 534 - 329. Suppose 4*s - 70 = 3*v + 97, 3*v = 2*s - 85. What is the highest common divisor of z and s?
41
Suppose 0 = 26*s - 556 - 1238. Calculate the highest common factor of 299 and s.
23
Let c be (8/(-20))/((-2)/80). Suppose c*u - 11*u = 10. Suppose -2*d = v - 26, 2*d - 52 = -u*d - 5*v. What is the highest common factor of d and 13?
13
Let v = -169 - -286. Suppose -4*d = 4*k - v + 25, 29 = k + 3*d. Suppose -625 = -9*q - 175. Calculate the greatest common factor of k and q.
10
Let u be -2 + 11*(0 - (-3 + 1)). Suppose 2*r = u - 18. Calculate the highest common divisor of r and 8.
1
Suppose 18 - 60 = -b. Suppose -4*k = -0*j + 3*j - b, j + 4*k = 6. Calculate the greatest common factor of j and 6.
6
Suppose 562 = 26*t - 1440. Suppose 3*u + 4 = r - 1, 2*r + 2*u = 26. What is the highest common factor of r and t?
11
Let k(y) = y**3 + 19*y**2 - 7*y - 444. Let g be k(-18). Let s = -1 - -8. Let x = s - -2. Calculate the greatest common divisor of g and x.
3
Let c be ((-150)/(-45))/(4/6). Suppose -34 = -c*m + 6. Suppose -2*a - 2*n + 28 = 0, -4*a + 2*n + n + 70 = 0. Calculate the highest common divisor of a and m.
8
Let s = -22 + 5. Let d = 27 + s. Calculate the greatest common factor of 40 and d.
10
Suppose -3*c - 5*c + 32 = 0. Let i be 25*c - 0*5/25. Calculate the greatest common divisor of 20 and i.
20
Let v(b) = b**2 - 11*b + 18. Let g be v(12). Let a = g - 19. Let h be 22/1*(-2)/(-4). Calculate the greatest common divisor of a and h.
11
Let x be (-30)/(-9) - (-2)/(-6). Suppose 0 = -2*r - x*c + 27, 5*r + 2*c - 74 = c. Calculate the highest common factor of 5 and r.
5
Let k = 227 - 116. Suppose -3*p = -k - 159. Calculate the greatest common factor of 10 and p.
10
Let f = 16 - 9. Let h = -240 + 242. Suppose 4*q = -b + 6, -f = -b - h*q - q. Calculate the highest common divisor of b and 80.
10
Let g(u) = u + 5. Let p be g(-4). Let m = -127 + 194. Let z = -66 + m. Calculate the highest common factor of p and z.
1
Let p(h) = -h**3 + h**2 + 2*h - 4. Let o be p(2). Let z be 726/13 - o/26. Calculate the greatest common factor of z and 14.
14
Let n be (-8)/3 - 3*5/45. Let x be n - 2*(0 + 15/(-2)). Calculate the highest common factor of x and 108.
12
Suppose -u - 2*u + 878 = 5*b, -5*b + 592 = 2*u. Calculate the greatest common factor of u and 176.
22
Let f = -321 - -339. What is the highest common divisor of f and 234?
18
Let q be (15/2)/(2/4). Suppose q - 34 = -k. Calculate the highest common divisor of 76 and k.
19
Let d = 10 + -9. Let n be 7/(((-1)/(-5))/d). Calculate the greatest common factor of 10 and n.
5
Let g(i) = 2*i + 16. Let z be g(-10). Let k be (9/12 + -2)*z. Suppose -v + 87 = -k*w, -5*w = -5*v - 2*w + 391. Calculate the highest common divisor of v and 7.
7
Let b be (186/124)/(1/16). What is the highest common divisor of b and 72?
24
Let s(o) = 10*o - 3. Let z be s(4). Let c = -32 + z. Let q(p) = 6*p - 1. Let i be q(6). Calculate the greatest common divisor of i and c.
5
Suppose 2*f = 6 + 8. What is the highest common divisor of f and 189?
7
Suppose 0 = -45*o + 15 + 975. What is the highest common divisor of 1529 and o?
11
Let o(p) = 5*p - 3. Let f be o(3). Suppose 4*v - 567 = -3*v. Let h = 117 - v. Calculate the greatest common factor of h and f.
12
Let c be 4*-1*187/(-34). What is the highest common divisor of 66 and c?
22
Let c = -11 + 13. Suppose -920 = -c*y - 326. Suppose -2*m - m = -y. Calculate the greatest common factor of 11 and m.
11
Let t(w) = w**3 - 5*w**2 - w + 3. Let u be t(5). Let o(q) = -q + 3. Let s be o(u). Calculate the greatest common factor of 55 and s.
5
Let w = 564 - 542. Let i be 3/4 + 1384/32. Calculate the greatest common divisor of w and i.
22
Let p(f) = -f**2 + 14*f - 22. Let v be p(12). Let j be ((-1)/v)/(20/(-360)). Calculate the greatest common divisor of 36 and j.
9
Suppose 0 = 14*d - 326 - 66. Let l = d - 25. What is the greatest common divisor of l and 21?
3
Suppose -3*i + 18 = -t + 5*t, -3*t - i = -16. Let y(l) = -6*l - 18. Let a be y(-4). Calculate the greatest common factor of a and t.
6
Let y(j) = -j**3 + 10*j**2 - 12*j + 4. Let l be y(8). Suppose l = 10*v - 6*v. What is the highest common divisor of v and 45?
9
Suppose -13 = 2*b - 21. Suppose b*f + 0*f - 12 = 0. What is the highest common divisor of 3 and f?
3
Let p be 3 + 9/(-3) - 165. Let l be -4 - (1 + p*1). Calculate the highest common divisor of 32 and l.
32
Let o be 722/8 + (539/(-44) - -12). What is the highest common factor of 72 and o?
18
Let l be 152/12 - (-4)/(-6). Let u(c) = -c**2 + 8*c + 16. Let s be u(l). Let p be ((-66)/8)/(12/s). What is the highest common divisor of p and 242?
22
Let r(v) = v + 3. Let k = -38 - -36. Let z be r(k). Calculate the greatest common factor of z and 3.
1
Let m(u) = -u + 8. Let v be m(-2). Suppose p = 5*x - 13, 4*x + 4*p - 3 + 7 = 0. Calculate the greatest common factor of v and x.
2
Suppose 4*t - 337 = -5*a, 13 = a + 2*t - 58. Calculate the greatest common divisor of 5 and a.
5
Suppose -3*w - 3*k = -7*k + 26, 0 = 2*w + k + 32. Let o(j) = -j**2 - 15*j - 2. Let p be o(w). What is the greatest common divisor of 108 and p?
12
Let g(t) = -11*t**3 + t + 1. Suppose -2*o - o = 0. Let s(u) = -u**2 - u - 1. Let v be s(o). Let d be g(v). What is the greatest common divisor of 77 and d?
11
Let i = 86 - 83. Suppose q + 0*z - 10 = -z, 0 = -5*q - i*z + 44. What is the greatest common divisor of 35 and q?
7
Let o(u) = u**2 + 6*u + 7. Let y be o(-5). Suppose 0*t - 10 = -2*j - 2*t, -y*j = -4*t - 4. Calculate the highest common factor of 4 and j.
4
Let x(z) = -z**2 - 7*z - 6. Let y be x(-6). Suppose -3*i - 3*i = y. Suppose -4*d - 4*m + i*m + 16 = 0, -m = 2. What is the greatest common factor of 24 and d?
6
Let y be (-305672